et c be q(5). Suppose a - c - 4 = 0. What are the prime factors of a?
2, 11
Let n be ((-2)/4)/((-3)/(-78)). Let v be (n - 2)*(-4)/10. List the prime factors of (-44)/v*3/(-2).
11
Suppose 3*u + 36 = 7*u. What are the prime factors of (15/u)/((-1)/(-21))?
5, 7
Suppose -m = -3*m - 4. Let l be (-11)/(9/6 + m). Let s = l + -8. List the prime factors of s.
2, 7
Let z(u) = u**2 + 3*u + 5. Let t be z(7). Suppose -4*j = -2*k - t + 21, -5*j + 5 = 0. What are the prime factors of 28/5 - 10/k?
2, 3
Let z = 11 - 9. Suppose -f - z = -4. What are the prime factors of f?
2
Suppose 1622 = 11*b - 160. What are the prime factors of b?
2, 3
Let r(h) be the second derivative of h**3/6 + 13*h**2/2 - 4*h. List the prime factors of r(10).
23
Let i be -139 + -1 - 0/(-6). Let s = -95 - i. What are the prime factors of s?
3, 5
Suppose -3*v + 1764 = 11*v. List the prime factors of v.
2, 3, 7
Let c = 10 - 7. Suppose -1 - c = -o. Suppose 42 = 3*z - 7*y + 4*y, -o*z - 3*y + 42 = 0. What are the prime factors of z?
2, 3
Suppose 4 = 5*l - 1. Let r(k) = k**3 + k**2 + 3. Let i be r(0). Let z = l + i. List the prime factors of z.
2
Let n(r) = r**3 - 4*r**2 + 2*r - 2. Let f be n(4). Let i = 24 - f. Suppose 0 = 2*x - i - 0. List the prime factors of x.
3
Suppose r + 209 = n, 4*n + 2*r = 452 + 384. List the prime factors of n.
11, 19
Suppose 10*w = 12*w - 8. Suppose -h + 85 = w*h - 5*p, 3*h = -3*p + 39. What are the prime factors of h?
3, 5
Suppose 0 = -3*n + 8*n - 115. What are the prime factors of n?
23
Let d be (6/3)/(2 - 1). Suppose s + 5*m - 22 = 3*s, -16 = -4*m. Let l = d - s. List the prime factors of l.
3
Let a be 33 + 3*(-4)/6. Suppose 2*k = a - 9. List the prime factors of k.
11
Let t = -9 + 39. Suppose -u - 2*u = -t. What are the prime factors of u?
2, 5
Suppose 5*u - w - 13 - 7 = 0, 0 = 2*u + 4*w - 8. Suppose 48 = u*i - 60. List the prime factors of i.
3
Let o = 10 - -1. What are the prime factors of o?
11
Let l be (2/4)/((-2)/16). Let v be 2/9 + l/18. Suppose -2*q - 2*s + 3*s + 6 = v, s = -q. What are the prime factors of q?
2
Suppose -2*p - 4*u = u - 18, 2*u = p. Suppose 4*s + 0*q = p*q + 140, 54 = 2*s + 2*q. What are the prime factors of s?
31
Let k(s) = s**2 - 6*s - 9. Let l(v) = v**2 - 6*v - 8. Let c(h) = 2*k(h) - 3*l(h). What are the prime factors of c(6)?
2, 3
Let s(q) = q**2 - 2*q - 5. What are the prime factors of s(4)?
3
Suppose 0 = -4*k - 3*m + 1520, 3*k + 0*k - 1119 = 3*m. List the prime factors of k.
13, 29
Let h = -128 - -216. Suppose 3*k - 66 = -4*t - 0*t, 5*t - h = -4*k. What are the prime factors of k?
2, 11
Suppose -3*g = -6, c = 4*g - 2*g + 21. List the prime factors of c.
5
Let j(p) = -p + 27. What are the prime factors of j(11)?
2
Let x be (104/(-10))/((-6)/15). Suppose -6 = 4*c - x. List the prime factors of c.
5
Suppose 44 = -2*z + 6*z - 2*o, -4*z = -3*o - 42. List the prime factors of z.
2, 3
Let t(q) = -q**2 - 6*q + 4. Let l be t(-7). Let z = l + 3. List the prime factors of 1*(1 + z) + 3.
2
Let c = -11 + 15. Suppose c*m - 43 = -3. What are the prime factors of m?
2, 5
Let d = -2 + 5. Suppose 4*t - d*t - 22 = 0. List the prime factors of t.
2, 11
Let v = -2 - -2. Suppose -3*l + 24 = l. Let d = l - v. List the prime factors of d.
2, 3
Let l(z) = 39*z**2. What are the prime factors of l(-1)?
3, 13
Let l(r) = r**2. Let f be l(-2). Suppose -27 = 5*j - 2*z - 9, -3*j + f*z = 8. What are the prime factors of 3/j + 440/32?
13
Let q(g) = -4*g - 12. List the prime factors of q(-8).
2, 5
Let c = 94 + -47. Suppose 10 = l - w, 7 = 5*l - 3*w - c. List the prime factors of l.
2, 3
Let b = -12 - -15. Suppose -u + 11 = -3*h, -b*u + 63 = -0*u - 3*h. What are the prime factors of u?
2, 13
Let f be (-13)/(((-14)/(-12))/(-7)). Let l = f + -47. List the prime factors of l.
31
Let u(f) = -f**2 + 3*f + 7. Let l be u(4). Suppose 80 = l*z - z. List the prime factors of z.
2, 5
Let d be 1 + (-1 - 55)/(-2). Suppose 21 = r - d. List the prime factors of r.
2, 5
Suppose 2*t - 75 = 13. List the prime factors of t.
2, 11
Let z(d) = d**2 + 14*d + 5. What are the prime factors of z(6)?
5
Let b be (4 + -3)*0/1. Let w = 3 - b. Let c = 5 + w. List the prime factors of c.
2
Let h(v) be the first derivative of -v**2 - 2*v + 4. What are the prime factors of h(-6)?
2, 5
Suppose 6*i = i, 3*i = -4*y + 40. Suppose -q + y + 7 = 0. What are the prime factors of q?
17
Let b(c) = 0*c - c**3 - 6*c**2 - c - 2*c**2. What are the prime factors of b(-8)?
2
Let r = 0 + -1. Let n(h) = -4*h**3 + 2*h**2 + 2*h + 1. Let o be n(r). Suppose -o*a + 34 = -3*s, 3*a - 5*a + 26 = 5*s. List the prime factors of a.
2
Suppose 0 = -3*k - k - 5*u + 543, 2*u = -2*k + 270. What are the prime factors of k?
2, 3, 11
Suppose 5*q - 38 = 7. Suppose -q = 2*n - 21. Suppose 5*g + n = 2*w + 18, -4*g + 32 = 4*w. What are the prime factors of g?
2
Let s = 144 - 84. What are the prime factors of s?
2, 3, 5
Suppose -b + 40 + 22 = 0. Let x = -31 + b. What are the prime factors of x?
31
Suppose s - 10 + 7 = 0. Suppose s*c + 2 = 110. List the prime factors of c.
2, 3
Let m(c) = -c**3 - 5*c**2 + 7*c - 14. What are the prime factors of m(-8)?
2, 61
Let z(w) = -w**3 - 10*w**2 + 11*w + 6. List the prime factors of z(-11).
2, 3
Suppose -s = -3*k - 4 - 3, -3*k - 14 = -2*s. Let b(a) = -a**3 + 7*a**2 + a + 6. What are the prime factors of b(s)?
13
Let y = 171 + 20. What are the prime factors of y?
191
Let k = 548 - 363. List the prime factors of k.
5, 37
What are the prime factors of (-27)/63 + 52/7?
7
Suppose 3*j + 170 = 65. List the prime factors of (196/j)/(2/(-10)).
2, 7
Suppose 3*j + 4*h + 6 = -10, -8 = -3*j + 2*h. Let y be 1 - (-4 - (j - 2)). Suppose -8 + 38 = y*z. List the prime factors of z.
2, 5
Suppose 3*h - h = s - 3, -3*s + 5*h = -11. Let j(y) = y - 1. Let c be j(3). Suppose -c = q - s. What are the prime factors of q?
5
Suppose -4*q = -3*v + 63, 6 = -3*q - 4*v - 10. What are the prime factors of -68*((-33)/q - 3)?
17
Suppose 355 = -5*l - 145. Suppose -9 = -3*h + 3*i - 33, 0 = 2*h + i + 13. What are the prime factors of l/h - 4/14?
2, 7
Suppose -4*w + 3*s = -3, 0*s + 3 = 2*w - s. What are the prime factors of (-76)/(-6) + (-2)/w?
2, 3
Let v(h) = h - 3. Let f be v(9). Suppose z + f = 16. List the prime factors of z.
2, 5
Let x(v) = -v**2 - 10*v - 6. Let o be x(-4). Let t = o + -13. Suppose b - 5*g = -14, 4*b - t*g = -b + 10. List the prime factors of b.
2, 3
Let g(m) = -m**3 - m**2 + 2*m - 2. What are the prime factors of g(-4)?
2, 19
Let m be 32/20 + 4/10. Let q(v) = 4 - v - 2 - m*v. What are the prime factors of q(-4)?
2, 7
Suppose -4*z - 11 = 1. Let n be z/(-18) + (-33)/(-18). Suppose 8 = 3*k + n. What are the prime factors of k?
2
Let b be (-898)/(-10) + 1/5. Suppose -3*f = -5*x + b, x + 0*x - f - 20 = 0. Suppose 0 = -3*u - 2*u + x. What are the prime factors of u?
3
Let b(q) = -q**2 + 14*q + 14. List the prime factors of b(10).
2, 3
What are the prime factors of 112/6 - (-2)/6?
19
Let h be 1 - 3/(9/42). Let n = 19 + h. List the prime factors of n.
2, 3
Suppose -5*u + p + 2*p = -18, -5*u = -5*p - 20. What are the prime factors of (-3)/(6/(-26)) + u?
2
Let k be (-3)/(-3)*-1 + 3. Let i be (1/k)/((-6)/12). List the prime factors of (i/(-2))/(3/96).
2
Let p(g) = 4*g**2 - 3*g. Let h be p(2). Suppose -5*f = -4*f - 21. Let q = f - h. What are the prime factors of q?
11
Let j be (2 - 0) + -2 + 2. Let r = 2 - j. Suppose -2*s - s - 3*l = -45, r = -4*s - 2*l + 52. List the prime factors of s.
11
Let l(t) = -t**2 - 4*t - 1. Let x be l(-4). What are the prime factors of (x + -2)*49/(-21)?
7
Suppose 0 = s - 4, 4*c - 276 = s. List the prime factors of (2 - 24/15)*c.
2, 7
Let o = -54 + 134. Suppose -2*d - o = -7*d. What are the prime factors of d?
2
Suppose 2 = 5*c - 158. Suppose 2*l - 6*l = -c. What are the prime factors of l?
2
Suppose -7*m + 2*m + 10 = 0. List the prime factors of (1 - 4/m)*-18.
2, 3
Let x be (-2)/(-5) + (-106)/(-10). Suppose m - 1 = -x. Let v = m - -16. List the prime factors of v.
2, 3
Let b(i) be the second derivative of -i**3/6 + 5*i**2/2 + i. Suppose -3*n - 16 = -2*w + w, 28 = -5*n + 2*w. List the prime factors of b(n).
3
Suppose -2*c - 98 = -5*k, k + 2*c - 13 = 9. Suppose -d = o - k, 2*d = 3*o - 0*d - 65. List the prime factors of o.
3, 7
Let h(m) = -m**2 + m + 18. Let n(d) = -d**2 - 9*d. Let f be n(-9). What ar